n divisor of s and 21?
7
Let i be (12 - 30/6 - (-5)/2)*8. Suppose 0 = -3*w - c + 813 - 245, -4*w = 3*c - 754. What is the highest common divisor of i and w?
38
Suppose 16*s - 15*s - 40 = -3*m, -5*s = 3*m - 140. Calculate the highest common divisor of 10 and s.
5
Suppose 2*w - 2*r = -808, -12*w + 5*r = -10*w + 805. Let z = w + 782. What is the highest common factor of z and 87?
29
Suppose -23*v = -40*v + 102. Suppose 0 = v*g - 513 + 159. What is the highest common factor of 531 and g?
59
Let l = 125 + -139. Let v be (2/l)/((-4)/14)*4. Calculate the highest common divisor of 118 and v.
2
Let i be 4 + 2 + 1 + 202. Let k be (1422/8)/9 + 6/(-8). What is the highest common divisor of k and i?
19
Let p be (-4)/30 + (-564)/(-180). Suppose p*r = 10 + 2. Suppose -24*f + 30 = -21*f. What is the greatest common factor of r and f?
2
Let u be (-2)/(-4)*432/8. What is the highest common factor of u and 17?
1
Let i be 132 - (34/(-85))/(2/20). What is the highest common divisor of 1428 and i?
68
Let n be (22/(-3))/((-17)/((-255)/(-10))). Suppose 0 = -n*d + 9*d + 96. Calculate the greatest common divisor of 288 and d.
48
Let z(x) = -x**2 - 8*x + 20. Let p be z(-8). Let b be (-7210)/(-455) + (-4)/(-26). What is the highest common factor of b and p?
4
Let v(k) = 4*k**3 - 39*k**2 - 6*k + 2. Let x be v(10). Suppose -320 = -8*i + 800. Calculate the highest common divisor of i and x.
14
Let y be 6*(1/9 - (66/(-54) - 5)). Calculate the greatest common divisor of y and 2603.
19
Let v(x) = 6*x + 234. Let m be v(-13). Calculate the highest common factor of m and 676.
52
Let y(x) = 8*x**3 + 2*x**2 + 3*x**3 - 12*x**3 - 2*x - 3 + 0*x. Let l be y(-3). What is the greatest common factor of l and 72?
24
Let y = 8 + 13. Let r(l) = l**2 + 11*l - 39. Let x(d) = 2*d - 20. Let m be x(12). Let s be r(m). What is the greatest common divisor of s and y?
21
Suppose -25*z - 424 = -29*z. Let w = z - 102. Suppose 0 = 2*g + 5*l - 86, -3*g + w*l = 7*l - 138. What is the highest common divisor of g and 120?
24
Suppose 0 = -7*l + 13*l - 264. Suppose -3*y = 2*z - l - 76, -z = 5*y - 207. Suppose 4*w = 8, 2*w + 103 = 5*s + w. What is the greatest common factor of y and s?
21
Let s be 2/60*4 - 58/(-15). Let n(m) = m**3 + 11*m**2 + 9*m + 6. Let y be n(-10). Calculate the highest common divisor of y and s.
4
Suppose -3*p - 2*s + 49 = -79, 0 = 2*p + 5*s - 67. Let a be (1 - 8) + 2 - 88028/(-236). Calculate the highest common divisor of a and p.
46
Suppose -3*f = 2*f - 4*i - 565, 0 = -2*f - 2*i + 226. Let n = -22 + f. Calculate the greatest common divisor of n and 7.
7
Let f(w) = -w**3 + 8*w**2 - 3*w - 1. Let v be f(5). Let a be (-1007 - -1005)/(4/(-1298)). Calculate the greatest common divisor of v and a.
59
Let q = 95 - 97. Let y be -3 + q/(-2) + 6. Let z be (1 - -137)*y/3. Calculate the greatest common divisor of z and 23.
23
Let n(d) = 4*d + 24. Let j be n(-6). Suppose j = 2*y - 11 - 47. What is the highest common divisor of y and 493?
29
Let l = -72972 + 103714. Calculate the greatest common divisor of l and 114.
38
Suppose -p = 5*c - 1700, 3*c - 2*c + 3422 = 2*p. What is the highest common factor of 180 and p?
90
Let b = -64 - -62. Let h be (-11)/b - 5 - 1043/(-2). What is the highest common factor of 116 and h?
58
Suppose 24*n + 8*n - 96 = 0. Suppose -m + n*y + 2*y = -448, 4*y = -4*m + 1888. What is the greatest common divisor of 104 and m?
52
Suppose -5*z - 895 = -5*l, 3*z - 2482 + 3369 = 5*l. Calculate the greatest common divisor of 7805 and l.
35
Suppose 12 = 2*t + 2*t. Suppose t*c = 9 - 3. Let x(f) = -f**3 - 3*f**2 + 4*f + 2. Let j be x(-4). What is the highest common divisor of j and c?
2
Let m = -137 - -230. Let g be 3 + (m/3 - 4). Suppose 6*a - 4*a = g. Calculate the highest common divisor of a and 45.
15
Let l be (2 + -4)*(-35)/10. Suppose -12 = -l*y + 4*y. Suppose 65 = y*g + 13. Calculate the highest common divisor of 104 and g.
13
Let w(p) = -p**2 + 32*p + 192. Let n be w(36). Let t = 9 - 2. Suppose 5*y - 23 - t = 0. Calculate the highest common divisor of y and n.
6
Suppose 0 = 3*u + 12, -b + 4*u = 2*u - 82. Suppose -2*n + n + 2*r = -b, 4*r - 192 = -3*n. Calculate the greatest common divisor of n and 85.
17
Let f be ((-3)/(-6))/(5/510). Let q(j) = -11*j - 294. Let x be q(-27). Calculate the highest common divisor of f and x.
3
Suppose r = 48 + 52. Let l be (-117)/(-15) - 1/(-5). Suppose -25 = 7*s - l*s. Calculate the greatest common factor of s and r.
25
Let w be 13152/36*11/((-22)/(-135)). Calculate the greatest common divisor of w and 137.
137
Let h be 10/6 - 680/120. Let u be (h/4*-1)/((-2)/(-70)). Let j be (-98)/4*(1 - 11). Calculate the highest common factor of j and u.
35
Suppose 5*t = 0, -g + 21 = -0*g + 3*t. Let c = 8826 + -8812. What is the greatest common factor of c and g?
7
Suppose t - 10 = -3*c, -t + 7 = c + c. Suppose -t = b - 61. Suppose 4*h + b = 760. Calculate the highest common divisor of 25 and h.
25
Let k(x) = 102*x + 7. Let s be k(9). Suppose -4*j + s = -467. Suppose 0 = -5*z + j + 12. Calculate the highest common factor of 24 and z.
24
Suppose x + 2*r - 286 = 0, 2*x - 19*r - 563 = -20*r. Suppose -2*d + 7*d - 200 = 0. What is the greatest common factor of x and d?
40
Suppose -2*h + 15*m - 17*m + 70 = 0, -2*h - 4*m = -80. Calculate the greatest common divisor of h and 1116.
6
Let z = -6084 - -6104. Let l = 121 - -85. Let g = l - 66. Calculate the greatest common factor of g and z.
20
Suppose 3*b - 2*j = -2*b + 2752, b - 2*j - 544 = 0. Calculate the greatest common divisor of b and 600.
24
Suppose 46*d = 41*d + 600. Suppose -6*u + 2*u = -d. Calculate the highest common divisor of 40 and u.
10
Let a be ((-34)/(-8))/((-8)/(-64)). Let l be ((-12)/(-4))/((-12)/(-8)). Let d(s) = 41*s - 14. Let k be d(l). What is the highest common factor of k and a?
34
Let a be ((-44)/32)/(1/(-3 + -5)). Let y(f) = 13*f - 129. Let n be y(a). Calculate the greatest common factor of 49 and n.
7
Let c(z) = -z**3 + 65*z**2 - 124*z - 108. Let u be c(63). Calculate the highest common divisor of u and 1314.
18
Suppose 75*n - 1804 - 7271 = 0. Calculate the highest common divisor of 3 and n.
1
Let m = 128 - 164. Let u be (m/6 - 9)*6/(-2). Calculate the greatest common divisor of 315 and u.
45
Let n = -2846 + 1156. Let p be n/(-30) - (-3)/(-9). What is the greatest common factor of p and 420?
28
Suppose 7*l - 1232 = 889. Let k = l - 292. What is the greatest common factor of 66 and k?
11
Suppose 60 = 5*m - 4*f, 2*f = 3*f. Suppose q + 4*t - 93 = 7*t, 5*t = 4*q - 379. Calculate the greatest common divisor of m and q.
12
Suppose 4*n - 9*r - 14592 = 0, -19132 = -5*n - 5*r - 892. Calculate the highest common factor of 399 and n.
57
Suppose 7798 = 5*i - 11257. Calculate the highest common divisor of 37 and i.
37
Suppose 1867 = 17*n + 320. Let p be (-382)/(-7) - 52/n - -1. What is the highest common divisor of 121 and p?
11
Let w = 4 + 66. Suppose -4*u + 695 = 655. Let d(g) = 2*g**2 - 17*g + 5. Let m be d(u). Calculate the highest common factor of w and m.
35
Suppose -20*j + 210 = j. Let m(s) = s**2 + 6*s - 6. Let h be m(j). What is the greatest common factor of h and 22?
22
Let w = 162 - 162. Suppose 3*x - 101 = -5*p - w*x, -3*x - 89 = -5*p. Calculate the highest common divisor of p and 95.
19
Suppose 2*v = -2*v + 616. Suppose 0 = 5*s + v - 4. Let l be (2/(-10)*8)/(2/s). What is the greatest common divisor of l and 3?
3
Suppose 1141*v = 1096*v + 4500. Calculate the greatest common divisor of v and 1900.
100
Let r(m) = 8*m**3 - 6*m**2 + 10*m - 6. Let f be r(2). Let k(g) = -g**3 + 23*g**2 + 35*g - 21. Let h be k(24). What is the greatest common factor of f and h?
27
Let j = -42 + 44. Suppose 5*r - 5*o - 75 = 0, 3*r - j*o - 55 = -o. Let n = -84 - -104. What is the greatest common divisor of r and n?
20
Suppose -117 = 2*t + h, -5*t = 4*h + 363 - 63. Let q be 42/((-4)/(-22) - (-140)/77). Let r be (-576)/t + (-6)/q. What is the highest common factor of r and 5?
5
Let w be ((-4)/3 + (-12)/18)*-5. Suppose w*h = 1368 - 408. Calculate the greatest common factor of h and 72.
24
Let s(q) = 37*q**2 - 10*q - 105*q**2 - 2*q**3 + 41*q**2 + 3*q**3 + 7 + 35*q**2. Let w be s(-7). What is the highest common factor of w and 72?
18
Let k = -1248 + 1352. Calculate the highest common divisor of 36 and k.
4
Let t(r) = -r**